
Is 22499623 prime?
True
Is 6517391 composite?
False
Is 1980073 a composite number?
False
Is 6357491 prime?
False
Is 17394259 a composite number?
False
Is 4760093 a composite number?
True
Is 10765037 a composite number?
True
Is 65076281 prime?
True
Is 108004669 a composite number?
True
Is 14486203 a composite number?
True
Is 1551353 a prime number?
False
Is 2231647 a composite number?
True
Is 108669707 a composite number?
True
Is 1316951 prime?
True
Is 11551081 a composite number?
False
Is 703834903 a composite number?
False
Is 5075249 a composite number?
True
Is 1082887 a prime number?
False
Is 310491157 a prime number?
True
Is 256837 a prime number?
False
Is 562808261 a composite number?
False
Is 21981797 a prime number?
False
Is 5951303 prime?
True
Is 2992453 prime?
True
Is 3127561 composite?
False
Is 530371 a prime number?
False
Is 1409011 a prime number?
False
Is 92659069 prime?
True
Is 2801453 a prime number?
False
Is 82490515 a composite number?
True
Is 153927863 prime?
True
Is 17620387 composite?
False
Is 2081111 prime?
False
Is 134365789 a composite number?
False
Is 188599 composite?
True
Is 4586051 a composite number?
False
Is 42601913 composite?
False
Is 3265811 a prime number?
False
Is 147104059 composite?
False
Is 116512147 a composite number?
True
Is 35311411 a composite number?
True
Is 14460449 a prime number?
True
Is 6483329 composite?
True
Is 3474797 a prime number?
True
Is 5960621 a composite number?
True
Is 69491687 composite?
False
Is 43959301 a composite number?
False
Is 315661 composite?
True
Is 1375156327 a composite number?
True
Is 2951797 a composite number?
True
Is 92268091 a prime number?
False
Is 18006683 a composite number?
False
Is 68648667 prime?
False
Is 1653451 a composite number?
False
Is 90022831 prime?
True
Is 10609117 composite?
False
Is 4478141 a composite number?
True
Is 76266887 a prime number?
True
Is 8074331 a prime number?
False
Is 38319509 composite?
False
Is 24859441 a composite number?
False
Is 1389667 a prime number?
True
Is 181486823 prime?
False
Is 1044629 composite?
False
Is 405818443 prime?
True
Is 67132003 a prime number?
False
Is 4102981 a prime number?
False
Is 62780623 prime?
True
Is 286744551 a prime number?
False
Is 300426929 a prime number?
False
Is 3180811 composite?
True
Is 341667681 a prime number?
False
Is 2661563 prime?
False
Is 52348447 a prime number?
False
Is 71660569 composite?
True
Is 2576329 a composite number?
True
Is 295446343 a prime number?
True
Is 63733114 composite?
True
Is 1182983 prime?
False
Is 19628827 a prime number?
True
Is 3614089 prime?
False
Is 2165291 composite?
False
Is 133592381 a prime number?
False
Is 75384563 composite?
True
Is 68473 composite?
False
Is 129105343 a composite number?
False
Is 92189777 a prime number?
False
Is 1923455 a prime number?
False
Is 33356005 prime?
False
Is 725367761 a prime number?
True
Is 26836039 a prime number?
True
Is 278717 composite?
False
Is 79559419 composite?
True
Is 71998531 prime?
False
Is 46009091 a prime number?
False
Is 2539907 composite?
True
Is 9610921 prime?
False
Is 278233 a composite number?
False
Is 31085459 a prime number?
True
Is 109622197 a prime number?
False
Is 10098239 prime?
False
Is 1677251 composite?
False
Is 2554711 a prime number?
True
Is 24235989 a composite number?
True
Is 1156251 prime?
False
Is 3968039 composite?
True
Is 2433881 prime?
False
Is 599556959 a composite number?
True
Is 657774763 a composite number?
False
Is 2483109995 a prime number?
False
Is 6167437 a prime number?
False
Is 13525867 a prime number?
True
Is 2170141 prime?
True
Is 18600641 composite?
True
Is 51226103 a prime number?
True
Is 3292723 a composite number?
True
Is 1552843 a prime number?
True
Is 10868873 composite?
True
Is 3025257 a composite number?
True
Is 1709923 a prime number?
True
Is 8323333 a composite number?
True
Is 13968347 a prime number?
True
Is 20014417 a prime number?
False
Is 424238389 a composite number?
True
Is 164779531 prime?
False
Is 3197563 a prime number?
True
Is 2164901 a prime number?
True
Is 28789973 composite?
False
Is 2499743 composite?
True
Is 5214883 a composite number?
False
Is 246181618 prime?
False
Is 56696657 composite?
True
Is 8319199 prime?
False
Is 404779703 prime?
False
Is 5041957 a composite number?
True
Is 104982797 composite?
False
Is 22315093 a composite number?
False
Is 2346031 composite?
True
Is 29934829 a composite number?
False
Is 113640497 composite?
True
Is 532885399 prime?
True
Is 124753877 a composite number?
True
Is 8528461 composite?
False
Is 5321573 a prime number?
False
Is 1624471 composite?
False
Is 92977669 a composite number?
True
Is 9700337 a composite number?
False
Is 10912123 composite?
True
Is 1100473 a composite number?
True
Is 1341293 prime?
True
Is 19743767 a prime number?
True
Is 33441179 prime?
False
Is 27781517 a prime number?
True
Is 1441289 a composite number?
False
Is 25241057 a composite number?
False
Is 83103101 prime?
False
Is 18475381 composite?
True
Is 1541731 composite?
False
Is 20614898 composite?
True
Is 3664478 a composite number?
True
Is 20048323 a composite number?
True
Is 4235791 composite?
True
Is 6009523 a prime number?
False
Is 36741959 prime?
False
Is 138570233 a prime number?
True
Is 9610123 prime?
False
Is 64663171 composite?
False
Is 131040109 composite?
False
Is 1052174 a composite number?
True
Is 391151 prime?
True
Is 68096873 composite?
True
Is 56057737 a composite number?
False
Is 421076599 a prime number?
True
Is 136892501 a prime number?
True
Is 3529789 composite?
False
Is 111018133 a prime number?
False
Is 24231967 composite?
False
Is 46195729 a prime number?
True
Is 9287195 a composite number?
True
Is 1798861 prime?
True
Is 1137977 composite?
False
Is 324304661 composite?
False
Is 202900717 a prime number?
True
Is 360604909 prime?
False
Is 19397431 prime?
True
Is 199917319 a prime number?
False
Is 5562419 a prime number?
True
Is 4890911 prime?
True
Is 366001 a composite number?
False
Is 35989979 composite?
False
Is 410839463 a composite number?
False
Is 24349817 a prime number?
True
Is 7809233 prime?
False
Is 37420133 a composite number?
True
Is 5168749 a prime number?
True
Is 122853719 a prime number?
True
Is 12753407 composite?
False
Is 372026713 a composite number?
False
Is 10301162 a prime number?
False
Is 13300145 a composite number?
True
Is 283386659 a composite number?
False
Is 71087 prime?
False
Is 13462643 a composite number?
True
Is 287458829 a composite number?
True
Is 455681 a prime number?
True
Is 12868979 a composite number?
False
Is 14928223 prime?
False
Is 4959719 a composite number?
False
Is 6896139 a composite number?
True
Is 1322779 a composite number?
True
Is 22622909 composite?
False
Is 2099767 prime?
True
Is 44549239 prime?
False
Is 24310247 a prime number?
False
Is 113804126 composite?
True
Is 604801 composite?
False
Is 8871839 a composite number?
True
Is 1424659 composite?
False
Is 1024435 a prime number?
False
Is 20010637 prime?
True
Is 23113499 a prime number?
True
Is 241909985 composite?
True
Is 20156443 a composite number?
True
Is 18054761 composite?
True
Is 3358841 prime?
True
Is 1296703 prime?
True
Is 4521817 a prime number?
True
Is 3735979 a composite number?
True
Is 2265323 a prime number?
True
Is 49728767 composite?
True
Is 15035513 prime?
False
Is 51474343 a composite number?
True
Is 78277 prime?
True
Is 3259073 a composite number?
False
Is 27379589 a composite number?
True
Is 553858287 a composite number?
True
Is 1532579 a composite number?
False
Is 799247 composite?
True
Is 318557 a composite number?
False
Is 24967 prime?
True
Is 244333 a prime number?
True
Is 8259962 prime?
False
Is 3297863 a prime number?
False
Is 6857849 a composite number?
False
Is 15045761 a prime number?
True
Is 53010203 a composite number?
False
Is 4286083 prime?
False
Is 12479167 a prime number?
True
Is 11820727 prime?
True
Is 42245617 a prime number?
True
Is 28955243 composite?
True
Is 12054457 prime?
False
Is 57741329 prime?
True
Is 1264387 a composite number?
False
Is 18838469 composite?
True
Is 3514013 prime?
True
Is 8022029 composite?
False
Is 279594421 a prime number?
True
Is 1561837 prime?
False
Is 16091291 prime?
True
Is 73222313 prime?
True
Is 484283 composite?
False
Is 226337 prime?
True
Is 726197 a pri